{"id":549,"date":"2016-09-27T13:00:53","date_gmt":"2016-09-27T13:00:53","guid":{"rendered":"http:\/\/www.reflejar.gob.ar\/?page_id=549"},"modified":"2025-05-13T17:39:01","modified_gmt":"2025-05-13T20:39:01","slug":"reglamento-para-uso-del-sitio","status":"publish","type":"page","link":"https:\/\/www.reflejar.gob.ar\/?page_id=549","title":{"rendered":"Reglamento para uso del Sitio"},"content":{"rendered":"\n<p>Tutorial de carga de noticia a la plataforma Reflejar (<a href=\"https:\/\/www.reflejar.gob.ar\/\">https:\/\/www.reflejar.gob.ar\/<\/a>)<\/p>\n\n\n\n<figure class=\"wp-block-embed is-type-video is-provider-youtube wp-block-embed-youtube wp-embed-aspect-16-9 wp-has-aspect-ratio\"><div class=\"wp-block-embed__wrapper\">\n<iframe loading=\"lazy\" title=\"Video tutorial de carga de informaci\u00f3n a la p\u00e1gina de Reflejar\" width=\"525\" height=\"295\" src=\"https:\/\/www.youtube.com\/embed\/WcYyxndQjAM?feature=oembed\" frameborder=\"0\" allow=\"accelerometer; autoplay; clipboard-write; encrypted-media; gyroscope; picture-in-picture; web-share\" referrerpolicy=\"strict-origin-when-cross-origin\" allowfullscreen><\/iframe>\n<\/div><\/figure>\n\n\n<p style=\"text-align: center;\"><em><u>Reglamento de Administraci\u00f3n y Carga de informaci\u00f3n del<br \/>\n<\/u><\/em><\/p>\n<p style=\"text-align: center;\"><em><u>Sitio Web Reflejar<\/u><\/em><\/p>\n<p style=\"text-align: center;\">\n<p>Internet es un espacio donde las personas interact\u00faan, acceden a la informaci\u00f3n y crean conocimiento determinante para la vida en sociedad. En ese espacio, el Instituto de Capacitaci\u00f3n Judicial de las Provincias Argentinas y Ciudad Aut\u00f3noma de Buenos Aires (Reflejar) debe mantener presencia acorde a los m\u00e1s altos est\u00e1ndares aplicables en materia tecnol\u00f3gica.<\/p>\n<p>Por esta raz\u00f3n, se establece el siguiente Reglamento para la Administraci\u00f3n y Carga de Informaci\u00f3n del Sitio Web de Reflejar, cuyo principal prop\u00f3sito es optimizar el desempe\u00f1o de esta herramienta en procura de una mejor comunicaci\u00f3n y mayor conocimiento en las distintas tem\u00e1ticas inherentes a la Capacitaci\u00f3n.<\/p>\n<p>El uso de esta herramienta -tecnol\u00f3gica, educativa y colaborativa- permitir\u00e1 generar no s\u00f3lo un repositorio diverso y actualizado de los contenidos suficientemente amplio y federal \u2014por ser un producto de las actividades realizadas puertas adentro de los Centros y Escuelas integrantes de Reflejar\u2014, sino que adem\u00e1s posibilitar\u00e1 la creaci\u00f3n de un c\u00edrculo virtuoso: las actividades que los participantes pongan a disposici\u00f3n de Reflejar, y por l\u00f3gica consecuencia de sus pares, ser\u00e1n compartidas, muchas veces mejoradas, al tiempo que les brindar\u00e1 mayor significaci\u00f3n en el camino de su profesionalizaci\u00f3n. De esta forma, se fortalecer\u00e1 cuantitativa y cualitativamente el Instituto.<\/p>\n<p>En el af\u00e1n de concretar un medio de comunicaci\u00f3n centralizado, el presente reglamento se aplica a los procesos y actividades asociados al sitio Web y las tecnolog\u00edas relacionadas con sus productos.<\/p>\n<p>&nbsp;<\/p>\n<p><em>Especificaciones Generales<\/em><\/p>\n<p>Los criterios generales para evaluar los contenidos, servicios y dem\u00e1s elementos que integran el sitio Web, conforme a los marcos legales aplicables y las pol\u00edticas que establezca el Instituto son: accesibilidad, comprensibilidad, precisi\u00f3n, relevancia, claridad, flexibilidad e integridad.<\/p>\n<p>La informaci\u00f3n difundida por el sitio Web debe ser: completa, confiable, oportuna y actualizada.<\/p>\n<p>El sitio debe satisfacer las necesidades y expectativas no s\u00f3lo de las Escuelas y\/o Centros de Capacitaci\u00f3n Judicial, sino tambi\u00e9n de usuarios externos, y debe evaluarse peri\u00f3dicamente.<\/p>\n<p>&nbsp;<\/p>\n<p><em>A- <\/em><u>Direcci\u00f3n Ejecutiva:<\/u><\/p>\n<p>La pol\u00edtica, planes, reglamentos y protocolos relativos a la administraci\u00f3n del sitio Web son establecidos por las autoridades que integran la Junta Directiva de Reflejar. El Instituto deber\u00e1 realizar una revisi\u00f3n anual respecto del desempe\u00f1o de \u00e9ste, conforme las especificaciones establecidas en aquellos instrumentos que se anexar\u00e1n al presente.<\/p>\n<p>&nbsp;<\/p>\n<p><em>B- Administraci\u00f3n<\/em><\/p>\n<p>El sitio ser\u00e1 administrado por la Escuela y\/o Centro de Capacitaci\u00f3n Judicial de la provincia a la pertenezca la\/el Presidenta\/e del Instituto en ejercicio -o personal del Poder Judicial que \u00e9sta\/\u00e9ste designe-, mientras dure su Presidencia. Al finalizar su mandato, la administraci\u00f3n ser\u00e1 trasladada a la provincia que corresponda.<\/p>\n<p>Asimismo, quien tenga a su cargo la administraci\u00f3n tendr\u00e1 las siguientes funciones:<\/p>\n<ul>\n<li>Revisar y publicar, toda la informaci\u00f3n que sea remitida por cada Escuela y\/o Centro de Capacitaci\u00f3n.<\/li>\n<li>Deber\u00e1 organizar las tareas requeridas para el \u00f3ptimo funcionamiento del sitio Web.<\/li>\n<li>Asimismo deber\u00e1 velar por la unicidad en la publicaci\u00f3n de la informaci\u00f3n y servicios, procurando incrementar los niveles de eficacia, eficiencia y efectividad del Portal Web.<\/li>\n<\/ul>\n<p>A tal fin, dentro de las actividades llevadas a cabo por la Administraci\u00f3n se incluyen:<\/p>\n<ol>\n<li>Dise\u00f1ar los procesos necesarios para el cumplimiento de la pol\u00edtica, planes, reglamentos y protocolos aplicables al sitio Web.<\/li>\n<li>Elaborar pautas para la creaci\u00f3n, publicaci\u00f3n y actualizaci\u00f3n de contenidos.<\/li>\n<li>Establecer mecanismos de seguimiento, an\u00e1lisis, control y evaluaci\u00f3n de los procesos vinculados al sitio Web.<\/li>\n<li>Promover el sitio mediante distintas estrategias.<\/li>\n<li>Constituir equipos de trabajo para la mejora continua del sitio Web.<\/li>\n<li>Organizar y controlar el \u00f3ptimo funcionamiento de los mecanismos de consulta a los usuarios del sitio.<\/li>\n<li>Controlar la arquitectura del sitio en cuanto a su dise\u00f1o, contenidos, distribuci\u00f3n de informaci\u00f3n, servicios y cualquier otro elemento del mismo.<\/li>\n<li>Evaluar las necesidades t\u00e9cnicas del sitio y elevar un informe a la Junta Directiva, como as\u00ed tambi\u00e9n nuevas propuestas, semestralmente.<\/li>\n<\/ol>\n<p>La administraci\u00f3n t\u00e9cnica del sitio Web estar\u00e1 a cargo de personal t\u00e9cnico inform\u00e1tico, cuya prestaci\u00f3n de servicio se encuentre en el lugar de asiento de la Presidencia en curso. El agente deber\u00e1 organizar las tareas requeridas para su \u00f3ptimo funcionamiento. Entre ellas, debe determinar e implementar las especificaciones t\u00e9cnicas del sitio en cuanto a requerimientos del hardware, software, mantenimiento y actualizaciones de las tecnolog\u00edas involucradas. Asimismo, deber\u00e1 controlar los mecanismos de seguridad aplicables al Sitio Web.<\/p>\n<p>&nbsp;<\/p>\n<p><em>C- Hosting<\/em><\/p>\n<p>El hosting -alojamiento Web- del sitio se encuentra ubicado actualmente en los servidores del Poder Judicial de la Provincia de Tierra del Fuego, Ant\u00e1rtida e Islas del Atl\u00e1ntico Sur, y se mantendr\u00e1 all\u00ed hasta nueva disposici\u00f3n de la Junta Directiva del Instituto.<\/p>\n<p>&nbsp;<\/p>\n<p><em>D- Supervisi\u00f3n y Aprobaci\u00f3n<\/em><\/p>\n<p>Todas las actividades llevadas a cabo por la Administraci\u00f3n estar\u00e1n bajo la supervisi\u00f3n y aprobaci\u00f3n previa de las autoridades del Instituto.<\/p>\n<p>&nbsp;<\/p>\n<p><em>E- Operaciones<\/em><\/p>\n<p><u>Creaci\u00f3n y Publicaci\u00f3n de Contenidos<\/u><\/p>\n<p>La creaci\u00f3n de contenidos estar\u00e1 a cargo de cada Escuela y\/o Centro de Capacitaci\u00f3n Judicial, bajo la supervisi\u00f3n y asistencia de la Administraci\u00f3n. Ser\u00e1 responsabilidad de \u00e9sta la actualizaci\u00f3n y publicaci\u00f3n del material de inter\u00e9s remitido por la Escuela y\/o Centro. En el anexo correspondiente se detallar\u00e1n los procedimientos de publicaci\u00f3n relativos al Sitio Web -Manual de Identidad de Reflejar-.<\/p>\n<p>&nbsp;<\/p>\n<p><u>Creaci\u00f3n de Nuevos Servicios y Redise\u00f1o<\/u><\/p>\n<p>La creaci\u00f3n de nuevos servicios, funcionalidades, el redise\u00f1o total o parcial del Sitio Web deben ser aprobados por la Junta Directiva del Instituto.<\/p>\n<p>&nbsp;<\/p>\n<p><u>Periodicidad de las Publicaciones<\/u><\/p>\n<p>La publicaci\u00f3n de contenidos debe realizarse dentro de las cuarenta y ocho (48) horas de emitido el acto por el cual se elabora informaci\u00f3n p\u00fablica o de inter\u00e9s p\u00fablico susceptible de incorporarse al Sitio Web. Tal informaci\u00f3n comprende aquellos contenidos asociados a la informaci\u00f3n preexistente en el sitio y aquellas nuevas actividades acad\u00e9micas -presenciales y virtuales- extensivas a todas las provincias y, en su caso, a la RIAEJ.<\/p>\n<p>&nbsp;<\/p>\n<p><em>F- Pautas de Producci\u00f3n<\/em><\/p>\n<p><u>Imagen Institucional Web<\/u><\/p>\n<p>A fin de dotar al Instituto Reflejar de una presentaci\u00f3n homog\u00e9nea y un\u00edvoca que permita a todos los usuarios de la Web identificar de manera r\u00e1pida e intuitiva su car\u00e1cter oficial, promoviendo una interacci\u00f3n en condiciones de confianza y seguridad, se deben mantener criterios comunes de imagen aplicables a todos los componentes del Sitio Web, secciones y productos vinculados. A tal fin, se dictar\u00e1 la reglamentaci\u00f3n pertinente, con el objeto de proveer elementos oficiales de imagen y pautas de normalizaci\u00f3n que deben ser empleados en la producci\u00f3n de contenido institucional, documentos electr\u00f3nicos y ofim\u00e1ticos.<\/p>\n<p>&nbsp;<\/p>\n<p><u>Documentos y Registros Institucionales<\/u><\/p>\n<p>Los documentos y registros remitidos por las Escuelas y\/o Centros de capacitaci\u00f3n, deben contener indicaci\u00f3n relativa a la provincia, fecha de publicaci\u00f3n y datos de contacto. Las publicaciones deben realizarse en formatos de acceso no restringido o formato de documentos port\u00e1til (PDF).<\/p>\n<p>&nbsp;<\/p>\n<p><u>Lenguaje<\/u><\/p>\n<p>Los contenidos del Sitio Web deben ser redactados en un lenguaje claro, sencillo y preciso, vel\u00e1ndose por la correcci\u00f3n l\u00e9xica, gramatical y ortogr\u00e1fica. Asimismo, se debe prestar especial atenci\u00f3n a la utilizaci\u00f3n de neologismos, tecnicismos o t\u00e9rminos adoptados de otras lenguas, proporcion\u00e1ndose -cuando corresponda- definiciones de los mismos. El uso de acr\u00f3nimos o siglas tiene que estar acompa\u00f1ado del significado de cada uno para garantizar su comprensi\u00f3n.<\/p>\n<p>&nbsp;<\/p>\n<p><u>Configuraciones<\/u><\/p>\n<ol>\n<li>Im\u00e1genes y gr\u00e1ficos de datos: todas las im\u00e1genes y los gr\u00e1ficos de datos deben incluir un texto alternativo que describa su funci\u00f3n o contenido. Las dimensiones y tama\u00f1o de las im\u00e1genes y gr\u00e1ficos no deben afectar el \u00f3ptimo funcionamiento del Sitio Web.<\/li>\n<li>Videos y otros objetos multimedia: se deben emplear archivos multimedia cuyo tama\u00f1o no dificulte o impida su accesibilidad. En caso de videos se recomienda una duraci\u00f3n m\u00e1xima de diez (10) minutos.<\/li>\n<li>Mapas de im\u00e1genes: toda \u00e1rea activa de la imagen debe poseer un texto alternativo que defina el hiperv\u00ednculo al que enlaza.<\/li>\n<li>Colores: asegurarse de que toda la informaci\u00f3n provista mediante colores sea transmitida en forma simult\u00e1nea por el texto, por el contexto o por la tipograf\u00eda. No usar texto o fondo parpadeantes. Los colores y las figuras de fondo deben contrastar con el texto para ofrecer legibilidad a personas con limitaciones en la percepci\u00f3n del color.<\/li>\n<li>Tablas: para las tablas de datos se deben utilizar encabezamientos de fila y columna en forma consistente. Si una tabla tiene dos o m\u00e1s filas de t\u00edtulos, usar marcas jer\u00e1rquicas para identificarlas.<\/li>\n<li>Hiperv\u00ednculos: para sostener cada hiperv\u00ednculo utilizar una frase que tenga sentido cuando se lea aislada o fuera de contexto. No usar expresiones como \u201ccliquear ac\u00e1\u201d, \u201cversi\u00f3n completa\u201d o \u201centrar\u201d.<\/li>\n<li>Formularios: los formularios deben permitir que las personas que usan ayudas t\u00e9cnicas para navegar puedan acceder a la informaci\u00f3n y a los campos requeridos para completar y remitir el formulario, incluyendo todas las instrucciones que resulten necesarias.<\/li>\n<\/ol>","protected":false},"excerpt":{"rendered":"<p>Tutorial de carga de noticia a la plataforma Reflejar (https:\/\/www.reflejar.gob.ar\/) Reglamento de Administraci\u00f3n y Carga de informaci\u00f3n del Sitio Web Reflejar Internet es un espacio donde las personas interact\u00faan, acceden a la informaci\u00f3n y crean conocimiento determinante para la vida en sociedad. En ese espacio, el Instituto de Capacitaci\u00f3n Judicial de las Provincias Argentinas y &hellip; <\/p>\n<p class=\"link-more\"><a href=\"https:\/\/www.reflejar.gob.ar\/?page_id=549\" class=\"more-link\">Segu\u00ed leyendo<span class=\"screen-reader-text\"> &#8220;Reglamento para uso del Sitio&#8221;<\/span><\/a><\/p>\n","protected":false},"author":1,"featured_media":0,"parent":0,"menu_order":0,"comment_status":"closed","ping_status":"closed","template":"","meta":{"footnotes":""},"class_list":["post-549","page","type-page","status-publish","hentry"],"_links":{"self":[{"href":"https:\/\/www.reflejar.gob.ar\/index.php?rest_route=\/wp\/v2\/pages\/549","targetHints":{"allow":["GET"]}}],"collection":[{"href":"https:\/\/www.reflejar.gob.ar\/index.php?rest_route=\/wp\/v2\/pages"}],"about":[{"href":"https:\/\/www.reflejar.gob.ar\/index.php?rest_route=\/wp\/v2\/types\/page"}],"author":[{"embeddable":true,"href":"https:\/\/www.reflejar.gob.ar\/index.php?rest_route=\/wp\/v2\/users\/1"}],"replies":[{"embeddable":true,"href":"https:\/\/www.reflejar.gob.ar\/index.php?rest_route=%2Fwp%2Fv2%2Fcomments&post=549"}],"version-history":[{"count":0,"href":"https:\/\/www.reflejar.gob.ar\/index.php?rest_route=\/wp\/v2\/pages\/549\/revisions"}],"wp:attachment":[{"href":"https:\/\/www.reflejar.gob.ar\/index.php?rest_route=%2Fwp%2Fv2%2Fmedia&parent=549"}],"curies":[{"name":"wp","href":"https:\/\/api.w.org\/{rel}","templated":true}]}}