{"id":375,"date":"2016-04-04T11:26:03","date_gmt":"2016-04-04T11:26:03","guid":{"rendered":"http:\/\/desa_reflejar\/?page_id=375"},"modified":"2024-07-30T13:06:01","modified_gmt":"2024-07-30T16:06:01","slug":"junta-directiva","status":"publish","type":"page","link":"https:\/\/www.reflejar.gob.ar\/?page_id=375","title":{"rendered":"Junta Directiva"},"content":{"rendered":"\n<p>Autoridades para el periodo 2024\/2026<\/p>\n\n\n\n<p>  <mark style=\"background-color:rgba(0, 0, 0, 0)\" class=\"has-inline-color has-cyan-bluish-gray-color\">  <em>Presidencia<\/em><\/mark><\/p>\n\n\n\n<p><em><strong>Dra. Mar\u00eda del Carmen Battaini<\/strong><\/em><\/p>\n\n\n\n<p><em>Jueza del Superior Tribunal de Justicia de Tierra del Fuego, Ant\u00e1rtida e Islas del Atl\u00e1ntico Sur<\/em><\/p>\n\n\n\n<p>  <mark style=\"background-color:rgba(0, 0, 0, 0)\" class=\"has-inline-color has-cyan-bluish-gray-color\">  <em>Vicepresidencia<\/em><\/mark><\/p>\n\n\n\n<p>    <em>Vicepresidente 1\u00b0<\/em><\/p>\n\n\n\n<p><em><strong>Dr. Eduardo Llugdar<\/strong><\/em><\/p>\n\n\n\n<p><em>Vicepresidente Primero del Superior Tribunal de Justicia de Santiago del Estero<\/em><\/p>\n\n\n\n<p>    <em>Vicepresidente 2\u00ba<\/em><\/p>\n\n\n\n<p><em><strong>Dr. Sergio Gabriel Torres<\/strong><\/em><\/p>\n\n\n\n<p><em>Ministro de la Suprema Corte de Justicia de la Provincia de Buenos Aires<\/em><\/p>\n\n\n\n<p>    <em><mark style=\"background-color:rgba(0, 0, 0, 0)\" class=\"has-inline-color has-cyan-bluish-gray-color\">Vocales<\/mark><\/em><\/p>\n\n\n\n<p><em><strong>Dr. Omar Palermo<\/strong><\/em><\/p>\n\n\n\n<p><em>Ministro de la Suprema Corte de Justicia de la Provincia de Mendoza<\/em><\/p>\n\n\n\n<p><em><strong>Dra. Claudia Mizawak<\/strong><\/em><\/p>\n\n\n\n<p><em>Vocal del Superior Tribunal de Justicia de Entre R\u00edos<\/em><\/p>\n\n\n\n<p><em><strong>Dra. Rosanna Pia Venchiarutti<\/strong><\/em><\/p>\n\n\n\n<p><em>Presidenta del Superior Tribunal de Justicia de Misiones<\/em><\/p>\n\n\n\n<p><em><strong>Dra. Marcela De Langhe <\/strong><\/em><\/p>\n\n\n\n<p><em>Jueza del Tribunal Superior de Justicia de Ciudad Aut\u00f3noma de Buenos Aires<\/em><\/p>\n\n\n\n<p><em><strong>Dra. Mar\u00eda Fernanda Rosales Andreotti<\/strong><\/em><\/p>\n\n\n\n<p><em>Presidenta de la Corte de Justicia de la Provincia de Catamarca<\/em><\/p>\n\n\n\n<p><em><strong>Dra. Iride Isabel Grillo<\/strong><\/em><\/p>\n\n\n\n<p><em>Ministra del Superior Tribunal de Justicia de la Provincia del Chaco<\/em><\/p>\n\n\n\n<p><em><strong>Dr. Mario Vivas<\/strong><\/em><\/p>\n\n\n\n<p><em>Ministro del Superior Tribunal de Justicia de la Provincia de Chubut<\/em><\/p>\n\n\n\n<p><em><strong>Dr. Domingo Ses\u00edn<\/strong><\/em><\/p>\n\n\n\n<p><em>Vocal del Superior Tribunal de Justicia de la Provincia de C\u00f3rdoba<\/em><\/p>\n\n\n\n<p><em><strong>Dr. Luis Eduardo Rey Vazquez<\/strong><\/em><\/p>\n\n\n\n<p><em>Presidente del Superior Tribunal de Justicia de Corrientes<\/em><\/p>\n\n\n\n<p><em><strong>Dra. Mar\u00eda Alejandra Gauffin<\/strong><\/em><\/p>\n\n\n\n<p><em>Vocal de la Corte de Justicia de la Provincia de Salta<\/em><\/p>\n\n\n\n<p><em><strong>Dr. Claudio Nicol\u00e1s Sa\u00fal<\/strong><\/em><\/p>\n\n\n\n<p><em>Vocal del Superior Tribunal de Justicia de la Provincia de La Rioja<\/em><\/p>\n\n\n\n<p><em><strong>Dr. Germ\u00e1n Busamia<\/strong><\/em><\/p>\n\n\n\n<p><em>Vocal del Tribunal Superior de Justicia de la Provincia del Neuqu\u00e9n<\/em><\/p>\n\n\n\n<p><em><strong>Dra. Mar\u00eda Eugenia Nieva<\/strong><\/em><\/p>\n\n\n\n<p><em>Jueza de la Suprema Corte de Justicia de la Provincia de Jujuy<\/em><\/p>\n\n\n\n<p><em><strong>Dr. Daniel Olivares Yapur <\/strong><\/em><\/p>\n\n\n\n<p><em>Ministro de la Corte de Justicia de la Provincia de San Juan<\/em><\/p>\n\n\n\n<p><em><strong>Dr. Jos\u00e9 L\u00b4Huillier<\/strong><\/em><\/p>\n\n\n\n<p><em>Ministro del Superior Tribunal de Justicia de la Provincia de San Luis<\/em><\/p>\n\n\n\n<p><em><strong>Dra. Alicia de los \u00c1ngeles Mercau<\/strong><\/em><\/p>\n\n\n\n<p><em>Vocal del Superior Tribunal de Justicia de la Provincia de Santa Cruz<\/em><\/p>\n\n\n\n<p><em><strong>Dr. Fabi\u00e1n Trovatto<\/strong><\/em><\/p>\n\n\n\n<p><em>Director Acad\u00e9mico de la Escuela de Capacitaci\u00f3n Judicial de la Provincia de Santa Fe<\/em><\/p>\n\n\n\n<p><em><strong>Dr. Gustavo Arballo<\/strong><\/em><\/p>\n\n\n\n<p><em>Secretario Coordinador del Centro de Capacitaci\u00f3n del Poder Judicial de la Provincia de La Pampa<\/em><\/p>\n\n\n\n<p><em><strong>Dr. Herberto Espinosa<\/strong> <\/em><\/p>\n\n\n\n<p><em>Director de la Escuela de Judicial de la Provincia de Formosa<\/em><\/p>\n\n\n\n<p><em><strong>Dr. Alejandro Coleffi<\/strong><\/em><\/p>\n\n\n\n<p><em>Secretario Ejecutivo de la Escuela de Capacitaci\u00f3n Judicial del Poder Judicial de la Provincia de R\u00edo Negro<\/em><\/p>\n\n\n\n<p><em><mark style=\"background-color:rgba(0, 0, 0, 0)\" class=\"has-inline-color has-cyan-bluish-gray-color\">Secretar\u00edas<\/mark><\/em><\/p>\n\n\n\n<p><em><mark style=\"background-color:rgba(0, 0, 0, 0)\" class=\"has-inline-color has-cyan-bluish-gray-color\">Secretar\u00eda General<\/mark><\/em><\/p>\n\n\n\n<p><em><strong>Prof. Anal\u00eda P\u00e9rez de Guti\u00e9rrez<\/strong><\/em><\/p>\n\n\n\n<p><em>Escuela Judicial de la Corte de Justicia del Poder Judicial de la Provincia de San Juan<\/em><\/p>\n\n\n\n<p><em><strong>Dra. Lorena Spikerman<\/strong><\/em><\/p>\n\n\n\n<p><em>Escuela Judicial del Tribunal Superior de Justicia de la Provincia del Neuqu\u00e9n<\/em><\/p>\n\n\n\n<p><em><mark style=\"background-color:rgba(0, 0, 0, 0)\" class=\"has-inline-color has-cyan-bluish-gray-color\">Secretar\u00eda Acad\u00e9mica<\/mark><\/em><\/p>\n\n\n\n<p><em><strong>Dra. Alejandra Barrionuevo<\/strong><\/em><\/p>\n\n\n\n<p><em>Centro de Capacitaci\u00f3n y Gesti\u00f3n Judicial Dr. Mario Dei Castelli del Poder Judicial de la Provincia de Misiones<\/em><\/p>\n\n\n\n<p><em><strong>Dra. Rosario Aug\u00e9 <\/strong><\/em><\/p>\n\n\n\n<p><em>Centro de Estudios Judiciales del Poder Judicial de la Provincia del Chaco<\/em><\/p>\n\n\n\n<p><em><mark style=\"background-color:rgba(0, 0, 0, 0)\" class=\"has-inline-color has-cyan-bluish-gray-color\">Secretar<\/mark>io Privado<\/em> <em>de Presidencia<\/em><\/p>\n\n\n\n<p><strong><em>Dr. Luis Mar\u00eda Palma<\/em><\/strong><\/p>\n\n\n\n<p><em>Poder Judicial de Tierra del Fuego, Ant\u00e1rtida e Islas del Atl\u00e1ntico Sur<\/em><\/p>\n","protected":false},"excerpt":{"rendered":"<p>Autoridades para el periodo 2024\/2026 Presidencia Dra. Mar\u00eda del Carmen Battaini Jueza del Superior Tribunal de Justicia de Tierra del Fuego, Ant\u00e1rtida e Islas del Atl\u00e1ntico Sur Vicepresidencia Vicepresidente 1\u00b0 Dr. Eduardo Llugdar Vicepresidente Primero del Superior Tribunal de Justicia de Santiago del Estero Vicepresidente 2\u00ba Dr. Sergio Gabriel Torres Ministro de la Suprema Corte &hellip; <\/p>\n<p class=\"link-more\"><a href=\"https:\/\/www.reflejar.gob.ar\/?page_id=375\" class=\"more-link\">Segu\u00ed leyendo<span class=\"screen-reader-text\"> &#8220;Junta Directiva&#8221;<\/span><\/a><\/p>\n","protected":false},"author":1,"featured_media":0,"parent":0,"menu_order":0,"comment_status":"closed","ping_status":"closed","template":"","meta":{"footnotes":""},"class_list":["post-375","page","type-page","status-publish","hentry"],"_links":{"self":[{"href":"https:\/\/www.reflejar.gob.ar\/index.php?rest_route=\/wp\/v2\/pages\/375","targetHints":{"allow":["GET"]}}],"collection":[{"href":"https:\/\/www.reflejar.gob.ar\/index.php?rest_route=\/wp\/v2\/pages"}],"about":[{"href":"https:\/\/www.reflejar.gob.ar\/index.php?rest_route=\/wp\/v2\/types\/page"}],"author":[{"embeddable":true,"href":"https:\/\/www.reflejar.gob.ar\/index.php?rest_route=\/wp\/v2\/users\/1"}],"replies":[{"embeddable":true,"href":"https:\/\/www.reflejar.gob.ar\/index.php?rest_route=%2Fwp%2Fv2%2Fcomments&post=375"}],"version-history":[{"count":0,"href":"https:\/\/www.reflejar.gob.ar\/index.php?rest_route=\/wp\/v2\/pages\/375\/revisions"}],"wp:attachment":[{"href":"https:\/\/www.reflejar.gob.ar\/index.php?rest_route=%2Fwp%2Fv2%2Fmedia&parent=375"}],"curies":[{"name":"wp","href":"https:\/\/api.w.org\/{rel}","templated":true}]}}