{"id":369,"date":"2016-04-04T11:24:46","date_gmt":"2016-04-04T11:24:46","guid":{"rendered":"http:\/\/desa_reflejar\/?page_id=369"},"modified":"2016-09-27T14:03:02","modified_gmt":"2016-09-27T14:03:02","slug":"objetivos","status":"publish","type":"page","link":"https:\/\/www.reflejar.gob.ar\/?page_id=369","title":{"rendered":"Objetivos"},"content":{"rendered":"<p style=\"text-align: justify;\">REFLEJAR tiene el objetivo general de posibilitar el intercambio de conocimientos y experiencias entre las escuelas judiciales argentinas mediante el uso de las tecnolog\u00edas de la informaci\u00f3n y la comunicaci\u00f3n.<\/p>\n<p style=\"text-align: justify;\">Y son sus objetivos espec\u00edficos, entre otros: Promover la capacitaci\u00f3n de magistrados, funcionarios y agentes judiciales, generando v\u00edas de motivaci\u00f3n; Establecer un esquema de comunicaci\u00f3n efectivo entre las escuelas judiciales que integran el Instituto; Reafirmar el federalismo argentino y promover la cooperaci\u00f3n internacional; Establecer relaciones con la RIAEJ y con Escuelas Judiciales de otros pa\u00edses que tengan objetivos comunes; Dise\u00f1ar medidas de gesti\u00f3n para el eficaz funcionamiento del Instituto; Supervisar las acciones programadas y medir los resultados obtenidos.<\/p>\n","protected":false},"excerpt":{"rendered":"<p>REFLEJAR tiene el objetivo general de posibilitar el intercambio de conocimientos y experiencias entre las escuelas judiciales argentinas mediante el uso de las tecnolog\u00edas de la informaci\u00f3n y la comunicaci\u00f3n. Y son sus objetivos espec\u00edficos, entre otros: Promover la capacitaci\u00f3n de magistrados, funcionarios y agentes judiciales, generando v\u00edas de motivaci\u00f3n; Establecer un esquema de comunicaci\u00f3n &hellip; <\/p>\n<p class=\"link-more\"><a href=\"https:\/\/www.reflejar.gob.ar\/?page_id=369\" class=\"more-link\">Segu\u00ed leyendo<span class=\"screen-reader-text\"> &#8220;Objetivos&#8221;<\/span><\/a><\/p>\n","protected":false},"author":1,"featured_media":0,"parent":0,"menu_order":0,"comment_status":"closed","ping_status":"closed","template":"","meta":{"footnotes":""},"class_list":["post-369","page","type-page","status-publish","hentry"],"_links":{"self":[{"href":"https:\/\/www.reflejar.gob.ar\/index.php?rest_route=\/wp\/v2\/pages\/369","targetHints":{"allow":["GET"]}}],"collection":[{"href":"https:\/\/www.reflejar.gob.ar\/index.php?rest_route=\/wp\/v2\/pages"}],"about":[{"href":"https:\/\/www.reflejar.gob.ar\/index.php?rest_route=\/wp\/v2\/types\/page"}],"author":[{"embeddable":true,"href":"https:\/\/www.reflejar.gob.ar\/index.php?rest_route=\/wp\/v2\/users\/1"}],"replies":[{"embeddable":true,"href":"https:\/\/www.reflejar.gob.ar\/index.php?rest_route=%2Fwp%2Fv2%2Fcomments&post=369"}],"version-history":[{"count":0,"href":"https:\/\/www.reflejar.gob.ar\/index.php?rest_route=\/wp\/v2\/pages\/369\/revisions"}],"wp:attachment":[{"href":"https:\/\/www.reflejar.gob.ar\/index.php?rest_route=%2Fwp%2Fv2%2Fmedia&parent=369"}],"curies":[{"name":"wp","href":"https:\/\/api.w.org\/{rel}","templated":true}]}}